ppose -b = 4*y - g, -3*y = -y - 4*b + 12. Suppose y = 3*n - 7*n + 280. What is the units digit of n?
0
Let k(z) = z**2 - 26*z + 39. Let m be k(24). Let s(o) = o**2 - 2*o + 11. What is the tens digit of s(m)?
1
Let i(n) = -2*n**2 - 28*n. Let c be i(-15). Let k = 73 + c. What is the tens digit of k?
4
Suppose -33 - 13 = -l. Let a be ((-6)/(-4))/(2/4). Suppose a*x - 2*u = l, 2*x + u = -2*u + 35. What is the units digit of x?
6
Suppose 0*u + 4*u + 18 = -h, 0 = 2*u - h + 6. Let c be 190/5 + 0/u. Let p = c + -15. What is the tens digit of p?
2
Let x = 8 - 1. Suppose 4*b - 15 = -2*t + x*b, t + b = 0. Suppose -t*l + 8 = 5. What is the units digit of l?
1
Let d(q) = -2 - q**3 + 5*q**2 - 8*q**2 + 3*q**3 - 3*q. Let t be d(3). What is the tens digit of t + 9/(-3) + 1?
1
Suppose 2*w - 174 = 2*u - 1210, 3*w + 2076 = 4*u. What is the tens digit of u?
2
Suppose -5*a - 5*j = -0*a - 1310, -2*a = -j - 539. What is the tens digit of a?
6
Let y(z) = -7*z**2 - 14*z + 14. Let m(v) = -22*v**2 - 41*v + 42. Let t(h) = -6*m(h) + 17*y(h). What is the units digit of t(-5)?
1
What is the tens digit of (-18)/(-30) - (-8657)/5?
3
Suppose 3*b - 30 = -6. Suppose -b - 76 = -3*v. What is the tens digit of v?
2
Suppose r = -4*r + l + 93, -2*r = -5*l - 51. Let x = -24 + r. Let u(m) = -m**2 - 12*m + 3. What is the tens digit of u(x)?
3
Suppose 24 = 4*w + 4*c, -2*w + 28 - 1 = 5*c. Let r = 65 - w. What is the tens digit of r?
6
Let r = -123 + 466. What is the hundreds digit of r?
3
What is the tens digit of ((-228)/(-24) + -1)*100/2?
2
Let l = -993 + 1477. What is the units digit of l?
4
Let g = -4762 + 7521. What is the thousands digit of g?
2
Suppose 0 = 5*n - 2*t - 44, t = -3*n - 2*n + 53. Suppose -2*w - 4 = -6*w. What is the units digit of n*w/2 - -1?
6
Let g(c) = c**3 - c**2 - c + 59. Let p be g(0). Let k = p - -2. What is the tens digit of k?
6
Let g(y) = 11*y - 9. Let k(p) = -p - 4. Let l be k(-10). Let v be g(l). What is the units digit of 4/3*v/2?
8
Suppose 0 = u - 2*a, -3*u + 0*u + 5*a - 2 = 0. Let b be ((-642)/(-12))/((-2)/u). Suppose b + 46 = 3*v. What is the tens digit of v?
5
Let c(y) = -27*y - 86. What is the units digit of c(-18)?
0
Let b(m) = -17 - 14*m - 13 + 3*m - 16*m. What is the units digit of b(-4)?
8
Let q be -2 - (102*-1)/3. Suppose 4*r - 25 = -2*g - 3*g, -g = -5*r - 5. Suppose -q = -4*s - r*s. What is the units digit of s?
8
Suppose -46*c + 737 = -35*c. What is the units digit of c?
7
Let o(t) = -180*t + 6. Suppose -8 = 2*n + 2*r, 3*n = -5*r - 11 - 7. What is the hundreds digit of o(n)?
1
Suppose -8*z - 36 = -9*z. What is the units digit of (2208/z)/((-3*1)/(-9))?
4
Let o(d) = 4*d + 8. Let g be o(6). Suppose -8*p - 5*u = -3*p + 60, -4*p + 4*u - g = 0. What is the units digit of p/(-50) + 134/5?
7
Let o = 48 + -47. Let f(g) = 93*g**2 + 2*g - 1. What is the tens digit of f(o)?
9
Suppose -5*r + 494 = 2*z - 691, 5*z - 2915 = -3*r. What is the units digit of z?
0
Suppose 5*k + 12 = 9*k. What is the tens digit of (k/(-6))/(1/(-74))?
3
Let a = 1178 - 1002. What is the units digit of a?
6
Suppose n - 2 = -0. Let j be ((-15)/20)/(1/(-4)). Suppose -2*h + j*o + 0*o = -n, 3*h = -4*o + 3. What is the units digit of h?
1
Let s = 2008 + -965. What is the thousands digit of s?
1
Let d = 2261 + -1150. What is the tens digit of d/7 - 56/(-196)?
5
Suppose 3*h - 1596 = 3*y, -4*y + 2 + 6 = 0. What is the units digit of h?
4
Suppose -g - 3*s = -2, 6*s - 2*s = -8. Suppose 0 = -r - g + 19. What is the units digit of r?
1
Let m(u) be the first derivative of u**2/2 + 30*u + 28. What is the units digit of m(11)?
1
Let y(a) = -3*a - 5. Suppose 3*h = 8*h - 20. Suppose -6 = h*g + 10. What is the units digit of y(g)?
7
Suppose -50*g - 11033 = -51033. What is the tens digit of g?
0
Suppose -23*q = -24*q + 869. What is the units digit of q?
9
Suppose 0 = 2*l - 751 - 3975. What is the units digit of l?
3
Let s(q) = -2*q - 4. Let n be s(-4). Let l be 2/n + (-837)/(-6). Suppose -36*j + l = -32*j. What is the units digit of j?
5
Suppose a = 5*j - 12, 0*a + 3*j = -5*a + 24. Suppose -a*l + 2*l = -4. Suppose 0*w + l*r + 96 = 4*w, 0 = w - 3*r - 22. What is the tens digit of w?
2
Let n be 0 + (-9)/((-18)/212). Suppose -n = 5*u - 7*u. What is the tens digit of u?
5
Let o = -690 - -1023. What is the tens digit of o?
3
Let n = 2483 + -1539. Suppose -n = -5*f - 9. What is the units digit of f?
7
Suppose -b + 584 = 21. What is the hundreds digit of b?
5
What is the tens digit of (3 + 3)/(3*(-6)/(-9120))?
4
Suppose 0 = -2*x + 2*h + 12, 0 = -h - h - 6. What is the units digit of x?
3
Let q(t) = 35*t**2 + 10*t - 27. Let l be q(5). Suppose l = 6*p + 250. What is the units digit of p?
8
Let j(q) = -2*q + 10. Let y be j(4). Suppose 3*h = y*r - 114, -5*h + 184 = 2*r + 2*r. What is the tens digit of r?
5
Suppose 0 = g - 2*k + 2, -4*g + 2*k + 0*k + 4 = 0. Suppose 4*d - 28 = 5*r, g*d - r - 12 - 2 = 0. Let o = d + 7. What is the units digit of o?
4
Suppose -9*i + 42 = -2*i. Suppose 326 = i*b - 316. What is the tens digit of b?
0
Let q(m) be the third derivative of m**4/6 + 4*m**3/3 - 4*m**2. Let w be q(-6). Let r = 39 + w. What is the tens digit of r?
2
Suppose 3*p + 599 = 3*f + 134, p - 2*f + 159 = 0. Let y = -100 - p. What is the tens digit of y?
5
Suppose -5*x + 1578 = -1597. What is the units digit of x?
5
Let x(u) be the first derivative of -1/4*u**4 + 5 + 4*u + 3*u**3 + 0*u**2. What is the units digit of x(9)?
4
Suppose -11*k = -21*k + 11480. What is the units digit of k?
8
Let f(y) = -y + 1. Let b(l) = 7*l - 23 + 6 + 14. Let q(x) = b(x) + 6*f(x). What is the units digit of q(-2)?
1
Let k(x) = 14*x - 3. Let d be k(-5). Let g = d - -293. What is the units digit of g?
0
Let k = -234 - -333. Let h = k + -52. What is the tens digit of h?
4
Let a(v) = 3*v + 19. Suppose 0 = b + 2*z - 4, -2*z - 3 = -1. What is the tens digit of a(b)?
3
Suppose 34 = 5*l - 1. Let d be (0 - (-8)/(-4))*-1. Suppose -l*p = -d*p - 165. What is the units digit of p?
3
Suppose 0 = -4*o + 9*o + 15875. What is the hundreds digit of 3/18 + o/(-30)?
1
Let p(w) = -w - 7. Let y(b) = 2*b**2 + 8*b + 11. Let n(z) = z**2. Let c(f) = -3*n(f) + y(f). Let a be c(10). What is the units digit of p(a)?
2
Let l(p) = p + 8. Let x be l(-18). What is the units digit of (4/x)/((-6)/1590)?
6
Let y(a) = a**3 - 6*a**2 + 6*a - 3. Let g be y(5). Suppose 4*o = 3*z - z + 664, 0 = 2*o - g*z - 336. Suppose -2*p = 2*p - o. What is the units digit of p?
1
Suppose 0 = -2*q + 5*q + 3*f, 0 = 5*q - 2*f. Suppose -3*c = -5*a + 2*c + 805, q = -4*a + 5*c + 643. What is the units digit of a?
2
Let o(j) = j**2 + 5*j + 1. Let c be (16/(-1 + 3))/2. What is the tens digit of o(c)?
3
Suppose -7*b + 5*b + 1257 = -5*v, -5*b + 2*v = -3132. What is the units digit of b?
6
Let k = -650 - -1325. What is the units digit of k?
5
Let x be (-949)/(-4 - -5)*-1. Suppose 11*n - 580 = x. What is the tens digit of n?
3
What is the tens digit of (-6)/(-4)*140/(-168)*-124?
5
Suppose k + 4*x = 1032 + 1669, k - 5*x = 2683. What is the units digit of k?
3
Suppose 18*m - 5460 - 3234 = 0. What is the hundreds digit of m?
4
Suppose 0 = -f - o + 6*o + 27, -3*o = -5*f + 25. Suppose 4*t - 91 = -f*j + 167, 4 = 4*t. What is the tens digit of j?
2
Let o(d) = -14*d - 19. Let l(z) = 5*z + 6. Let j = -11 - 6. Let t(y) = j*l(y) - 6*o(y). What is the tens digit of t(0)?
1
Let w(m) = m**3 + 13*m**2 + 14*m - 5. Let f be w(-8). What is the units digit of 58/f - (-453)/7?
5
Suppose -5*r + 2704 = x, 0 = -3*r - 3 - 6. What is the tens digit of x?
1
Let m be (0 - 54)*1/(-2). Suppose 5*j - c = 5, -5*c - m = -j - 10*c. What is the units digit of j?
2
Let a(w) = 5*w**2 + 10*w + 5. Let q(n) = 4*n**2 + 9*n + 5. Let y(g) = 5*a(g) - 6*q(g). Let f be y(5). What is the units digit of 14 - (4/4 + f)?
3
Let p(s) = 8*s**2 + 38*s + 2. What is the tens digit of p(10)?
8
Let s = 37 - 39. What is the units digit of (-2 - 0) + ((-2)/s - -10)?
9
Let j(i) = -2*i + 172 + 4*i + 16*i**3 - 15*i**3. What is the tens digit of j(0)?
7
Suppose 0 = 3*a - 743 + 11. What is the hundreds digit of a?
2
Let j(f) = f**3 - 3*f - 3. Let v be j(3). Suppose 4 + 0 = l + 5*u, u + 2 = 0. Suppose 28 = v*o - l*o. What is the units digit of o?
8
Let d(u) = -3*u**2 + u - 4*u - 12*u**2 + 17*u**2 - 8. Let w(v) = v. Let j be w(5). What is the tens digit of d(j)?
2
Supp